What is the units digit of 481?
1
What is the thousands digit of 4353?
4
What is the ten thousands digit of 16444?
1
What is the thousands digit of 19834?
9
What is the units digit of 3175?
5
What is the units digit of 3427?
7
What is the ten thousands digit of 27975?
2
What is the units digit of 377?
7
What is the hundreds digit of 8841?
8
What is the units digit of 10271?
1
What is the thousands digit of 135724?
5
What is the units digit of 1131?
1
What is the hundreds digit of 26243?
2
What is the hundreds digit of 663?
6
What is the tens digit of 5413?
1
What is the tens digit of 897?
9
What is the tens digit of 72?
7
What is the hundreds digit of 6711?
7
What is the ten thousands digit of 57949?
5
What is the hundreds digit of 599?
5
What is the units digit of 42968?
8
What is the units digit of 31685?
5
What is the ten thousands digit of 12941?
1
What is the ten thousands digit of 18129?
1
What is the units digit of 899?
9
What is the tens digit of 11953?
5
What is the units digit of 3671?
1
What is the thousands digit of 54012?
4
What is the hundreds digit of 759?
7
What is the hundreds digit of 2305?
3
What is the hundreds digit of 1142?
1
What is the hundreds digit of 9037?
0
What is the thousands digit of 12461?
2
What is the tens digit of 5403?
0
What is the hundreds digit of 3743?
7
What is the hundreds digit of 142?
1
What is the tens digit of 15425?
2
What is the tens digit of 19394?
9
What is the units digit of 8730?
0
What is the thousands digit of 9047?
9
What is the tens digit of 7739?
3
What is the hundreds digit of 15793?
7
What is the ten thousands digit of 74871?
7
What is the hundreds digit of 3757?
7
What is the tens digit of 29657?
5
What is the units digit of 5532?
2
What is the tens digit of 603?
0
What is the tens digit of 32499?
9
What is the hundreds digit of 5045?
0
What is the units digit of 36769?
9
What is the thousands digit of 48813?
8
What is the tens digit of 19701?
0
What is the hundreds digit of 18385?
3
What is the units digit of 11202?
2
What is the tens digit of 1822?
2
What is the thousands digit of 3813?
3
What is the hundreds digit of 197?
1
What is the thousands digit of 1868?
1
What is the tens digit of 2209?
0
What is the tens digit of 2630?
3
What is the thousands digit of 20618?
0
What is the tens digit of 508?
0
What is the units digit of 158410?
0
What is the tens digit of 2355?
5
What is the tens digit of 919?
1
What is the thousands digit of 1121?
1
What is the units digit of 943?
3
What is the ten thousands digit of 20596?
2
What is the tens digit of 3453?
5
What is the hundreds digit of 2459?
4
What is the tens digit of 462?
6
What is the ten thousands digit of 49430?
4
What is the tens digit of 2254?
5
What is the ten thousands digit of 40742?
4
What is the tens digit of 558?
5
What is the tens digit of 759?
5
What is the tens digit of 2422?
2
What is the thousands digit of 5766?
5
What is the units digit of 286?
6
What is the thousands digit of 1405?
1
What is the hundreds digit of 2788?
7
What is the units digit of 1294?
4
What is the thousands digit of 1113?
1
What is the units digit of 57101?
1
What is the thousands digit of 18703?
8
What is the hundreds digit of 275?
2
What is the tens digit of 892?
9
What is the hundreds digit of 1237?
2
What is the thousands digit of 7877?
7
What is the tens digit of 1588?
8
What is the units digit of 28406?
6
What is the hundreds digit of 557?
5
What is the tens digit of 544?
4
What is the hundreds digit of 151?
1
What is the units digit of 1482?
2
What is the hundreds digit of 35043?
0
What is the ten thousands digit of 13304?
1
What is the units digit of 107127?
7
What is the hundreds digit of 468?
4
What is the thousands digit of 7064?
7
What is the units digit of 24604?
4
What is the thousands digit of 7670?
7
What is the hundreds digit of 106751?
7
What is the tens digit of 574?
7
What is the tens digit of 17027?
2
What is the hundreds digit of 2808?
8
What is the tens digit of 324?
2
What is the hundreds digit of 18132?
1
What is the ten thousands digit of 18275?
1
What is the units digit of 8540?
0
What is the tens digit of 890?
9
What is the units digit of 526?
6
What is the hundreds digit of 658?
6
What is the thousands digit of 2254?
2
What is the hundreds digit of 1153?
1
What is the units digit of 991?
1
What is the units digit of 9738?
8
What is the tens digit of 2163?
6
What is the ten thousands digit of 43406?
4
What is the tens digit of 98?
9
What is the hundreds digit of 1892?
8
What is the hundreds digit of 88949?
9
What is the ten thousands digit of 12881?
1
What is the units digit of 879?
9
What is the ten thousands digit of 49294?
4
What is the ten thousands digit of 29112?
2
What is the hundreds digit of 1356?
3
What is the tens digit of 52824?
2
What is the hundreds digit of 1933?
9
What is the units digit of 27782?
2
What is the thousands digit of 2684?
2
What is the thousands digit of 18072?
8
What is the units digit of 1153?
3
What is the thousands digit of 64403?
4
What is the thousands digit of 1708?
1
What is the units digit of 1944?
4
What is the thousands digit of 9293?
9
What is the tens digit of 320?
2
What is the tens digit of 31?
3
What is the ten thousands digit of 13448?
1
What is the tens digit of 2330?
3
What is the thousands digit of 33352?
3
What is the thousands digit of 92398?
2
What is the thousands digit of 13600?
3
What is the tens digit of 1461?
6
What is the units digit of 146158?
8
What is the tens digit of 98?
9
What is the ten thousands digit of 179238?
7
What is the thousands digit of 21271?
1
What is the tens digit of 1364?
6
What is the hundreds digit of 114882?
8
What is the hundreds digit of 2555?
5
What is the units digit of 24209?
9
What is the thousands digit of 2955?
2
What is the hundreds digit of 885?
8
What is the tens digit of 513?
1
What is the thousands digit of 44818?
4
What is the hundreds digit of 5873?
8
What is the thousands digit of 1964?
1
What is the tens digit of 173186?
8
What is the hundreds digit of 3645?
6
What is the units digit of 5785?
5
What is the thousands digit of 2873?
2
What is the units digit of 5675?
5
What is the tens digit of 89124?
2
What is the tens digit of 1459?
5
What is the hundreds digit of 20882?
8
What is the units digit of 9740?
0
What is the units digit of 14936?
6
What is the units digit of 23?
3
What is the tens digit of 9951?
5
What is the tens digit of 7606?
0
What is the hundreds digit of 8344?
3
What is the thousands digit of 65041?
5
What is the tens digit of 109594?
9
What is the hundreds digit of 16687?
6
What is the units digit of 3119?
9
What is the hundreds digit of 3398?
3
What is the units digit of 7437?
7
What is the tens digit of 28623?
2
What is the hundreds digit of 2990?
9
What is the units digit of 5936?
6
What is the hundreds digit of 54065?
0
What is the hundreds digit of 799?
7
What is the units digit of 132443?
3
What is the units digit of 81?
1
What is the units digit of 1374?
4
What is the units digit of 1467?
7
What is the tens digit of 87?
8
What is the units digit of 1348?
8
What is the units digit of 83?
3
What is the thousands digit of 1859?
1
What is the tens digit of 32?
3
What is the thousands digit of 19910?
9
What is the thousands digit of 138512?
8
What is the hundreds digit of 1064?
0
What is the tens digit of 65128?
2
What is the tens digit of 874?
7
What is the hundreds digit of 4728?
7
What is the hundreds digit of 956?
9
What is the units digit of 1?
1
What is the units digit of 4161?
1
What is the tens digit of 990?
9
What is the thousands digit of 8152?
8
What is the hundreds digit of 27123?
1
What is the units digit of 36077?
7
What is the units digit of 55110?
0
What is the units digit of 10800?
0
What is the thousands digit of 4221?
4
What is the hundreds digit of 938?
9
What is the units digit of 8682?
2
What is the units digit of 2145?
5
What is the thousands digit of 11871?
1
What is the hundreds digit of 2232?
2
What is the units digit of 193?
3
What is the tens digit of 258?
5
What is the tens digit of 14616?
1
What is the tens digit of 1056?
5
What is the units digit of 5439?
9
What is the thousands digit of 8342?
8
What is the units digit of 467?
7
What is the units digit of 3290?
0
Wha